f 4028866?
2, 1021, 1973
List the prime factors of 26599063.
23, 79, 14639
What are the prime factors of 302708?
2, 7, 19, 569
List the prime factors of 450364.
2, 17, 37, 179
List the prime factors of 2084896.
2, 11, 5923
List the prime factors of 481800.
2, 3, 5, 11, 73
What are the prime factors of 7280960?
2, 5, 61, 373
List the prime factors of 4059278.
2, 647, 3137
List the prime factors of 172279.
172279
List the prime factors of 261046.
2, 130523
List the prime factors of 228680.
2, 5, 5717
What are the prime factors of 3209349?
3, 11, 13, 7481
List the prime factors of 135466.
2, 67733
List the prime factors of 41288.
2, 13, 397
List the prime factors of 6705153.
3, 7, 13, 2729
List the prime factors of 341633.
67, 5099
List the prime factors of 69540.
2, 3, 5, 19, 61
List the prime factors of 1704571.
11, 83, 1867
List the prime factors of 15172085.
5, 191, 15887
What are the prime factors of 421655?
5, 13, 499
List the prime factors of 156891.
3, 7, 31, 241
List the prime factors of 357258.
2, 3, 11, 5413
What are the prime factors of 231684?
2, 3, 43, 449
List the prime factors of 1907995.
5, 17, 22447
List the prime factors of 41625.
3, 5, 37
What are the prime factors of 1336648?
2, 167081
List the prime factors of 833364.
2, 3, 7, 3307
List the prime factors of 207721.
207721
What are the prime factors of 5697730?
2, 5, 569773
What are the prime factors of 4921467?
3, 31, 52919
What are the prime factors of 3501401?
929, 3769
What are the prime factors of 108945?
3, 5, 269
What are the prime factors of 161817?
3, 53939
What are the prime factors of 1410675?
3, 5, 7, 2687
List the prime factors of 3429721.
3429721
What are the prime factors of 4759069?
7, 679867
What are the prime factors of 262250?
2, 5, 1049
What are the prime factors of 9925060?
2, 5, 487, 1019
What are the prime factors of 1940602?
2, 23, 42187
List the prime factors of 1113120.
2, 3, 5, 773
List the prime factors of 232760.
2, 5, 11, 23
What are the prime factors of 653350?
2, 5, 73, 179
List the prime factors of 20122456.
2, 97, 25931
List the prime factors of 175007.
7, 23, 1087
What are the prime factors of 24671?
24671
What are the prime factors of 5012371?
7, 13, 19, 223
List the prime factors of 1555523.
1555523
What are the prime factors of 609771?
3, 439, 463
List the prime factors of 28108.
2, 7027
List the prime factors of 234651.
3, 17, 43, 107
What are the prime factors of 294143?
107, 2749
List the prime factors of 3685208.
2, 277, 1663
What are the prime factors of 1041564?
2, 3, 29, 41, 73
What are the prime factors of 715818?
2, 3, 53, 2251
List the prime factors of 4120995.
3, 5, 257, 1069
What are the prime factors of 396189?
3, 44021
List the prime factors of 798144.
2, 3, 4157
What are the prime factors of 1719621?
3, 157, 1217
What are the prime factors of 303890?
2, 5, 30389
List the prime factors of 11323344.
2, 3, 53, 4451
What are the prime factors of 38554080?
2, 3, 5, 31, 2591
List the prime factors of 158764.
2, 19, 2089
What are the prime factors of 30535737?
3, 10178579
List the prime factors of 753074.
2, 7, 53791
List the prime factors of 253223.
131, 1933
List the prime factors of 155534.
2, 19, 4093
List the prime factors of 3974.
2, 1987
List the prime factors of 133224.
2, 3, 7, 13, 61
What are the prime factors of 166520?
2, 5, 23, 181
List the prime factors of 234728.
2, 13, 37, 61
What are the prime factors of 4426405?
5, 857, 1033
What are the prime factors of 25313883?
3, 7, 37, 32579
List the prime factors of 3696788.
2, 924197
What are the prime factors of 8785912?
2, 139, 7901
List the prime factors of 7454047.
23, 324089
List the prime factors of 14244873.
3, 197, 24103
What are the prime factors of 1373964?
2, 3, 61, 1877
What are the prime factors of 2316884?
2, 389, 1489
List the prime factors of 1325325.
3, 5, 41, 431
What are the prime factors of 3037647?
3, 1012549
What are the prime factors of 890920?
2, 5, 22273
What are the prime factors of 2182765?
5, 13, 33581
List the prime factors of 27212667.
3, 71, 251, 509
List the prime factors of 528139.
17, 47, 661
List the prime factors of 3171599.
3171599
List the prime factors of 397356.
2, 3, 33113
List the prime factors of 13450793.
191, 70423
What are the prime factors of 6287943?
3, 17, 139, 887
List the prime factors of 97846.
2, 7, 29, 241
What are the prime factors of 317033?
17, 1097
List the prime factors of 8388227.
269, 31183
What are the prime factors of 16529297?
19, 71, 12253
List the prime factors of 794438.
2, 491, 809
List the prime factors of 53061.
3, 23, 769
What are the prime factors of 361852?
2, 61, 1483
What are the prime factors of 29297040?
2, 3, 5, 59, 2069
List the prime factors of 344515.
5, 68903
List the prime factors of 25891874.
2, 12945937
List the prime factors of 3012490.
2, 5, 13, 23173
What are the prime factors of 619726?
2, 163, 1901
List the prime factors of 485482.
2, 67, 3623
List the prime factors of 1354902.
2, 3, 241, 937
What are the prime factors of 631853?
631853
What are the prime factors of 12634905?
3, 5, 19, 43, 1031
List the prime factors of 704231.
11, 73, 877
List the prime factors of 12665210.
2, 5, 19, 191, 349
List the prime factors of 201621.
3, 7, 9601
What are the prime factors of 907807?
907807
What are the prime factors of 8800376?
2, 13, 37, 2287
What are the prime factors of 499587?
3, 11, 15139
List the prime factors of 56702.
2, 28351
What are the prime factors of 27101479?
89, 304511
List the prime factors of 3851078.
2, 7, 11, 17, 1471
What are the prime factors of 33900813?
3, 43, 251, 349
What are the prime factors of 4830082?
2, 103, 23447
List the prime factors of 1052013.
3, 173, 2027
What are the prime factors of 871013?
11, 13, 6091
What are the prime factors of 1568811?
3, 17, 19, 1619
List the prime factors of 52864.
2, 7, 59
List the prime factors of 1373099.
7, 13, 79, 191
What are the prime factors of 1150849?
7, 17, 19, 509
List the prime factors of 2815860.
2, 3, 5, 71, 661
What are the prime factors of 3592429?
977, 3677
List the prime factors of 58776.
2, 3, 31, 79
What are the prime factors of 4077530?
2, 5, 71, 5743
List the prime factors of 188682.
2, 3, 13, 41, 59
List the prime factors of 1348268.
2, 29, 59, 197
List the prime factors of 677049.
3, 225683
What are the prime factors of 12495776?
2, 390493
What are the prime factors of 4519838?
2, 2259919
What are the prime factors of 2131875?
3, 5, 379
What are the prime factors of 259440?
2, 3, 5, 23, 47
List the prime factors of 5691333.
3, 41, 46271
List the prime factors of 1202044.
2, 300511
List the prime factors of 6432613.
11, 17, 41, 839
What are the prime factors of 3929880?
2, 3, 5, 32749
List the prime factors of 1406251.
7, 11, 2609
What are the prime factors of 91668?
2, 3, 7639
What are the prime factors of 34858?
2, 29, 601
What are the prime factors of 2078626?
2, 11, 94483
What are the prime factors of 726931?
449, 1619
What are the prime factors of 140517?
3, 13, 1201
What are the prime factors of 11351595?
3, 5, 756773
What are the prime factors of 679623?
3, 7, 32363
What are the prime factors of 317874?
2, 3, 31, 1709
List the prime factors of 19504843.
43, 453601
What are the prime factors of 7848051?
3, 2616017
List the prime factors of 8487022.
2, 4243511
List the prime factors of 6270642.
2, 3, 7, 53, 313
What are the prime factors of 125684?
2, 13, 2417
List the prime factors of 17918787.
3, 83, 71963
What are the prime factors of 2010640?
2, 5, 41, 613
What are the prime factors of 369472?
2, 23, 251
List the prime factors of 6839724.
2, 3, 587, 971
List the prime factors of 6409769.
37, 191, 907
What are the prime factors of 6242489?
11, 567499
List the prime factors of 1188484.
2, 11, 27011
List the prime factors of 261302.
2, 130651
What are the prime factors of 6927033?
3, 2309011
List the prime factors of 19170109.
7, 23, 119069
What are the prime factors of 1716107?
1716107
List the prime factors of 1484534.
2, 727, 1021
List the prime factors of 8790999.
3, 7, 383, 1093
What are the prime factors of 1941724?
2, 19, 29, 881
What are the prime factors of 17281483?
61, 283303
List the prime factors of 411.
3, 137
List the prime factors of 327860.
2, 5, 13, 97
What are the prime factor